{"id":401,"date":"2023-12-09T16:41:11","date_gmt":"2023-12-09T16:41:11","guid":{"rendered":"https:\/\/nilsgruetzner.de\/?page_id=401"},"modified":"2023-12-09T22:57:10","modified_gmt":"2023-12-09T22:57:10","slug":"blog","status":"publish","type":"page","link":"https:\/\/nilsgruetzner.de\/?page_id=401","title":{"rendered":"Blog"},"content":{"rendered":"\n<div style=\"height:30px\" aria-hidden=\"true\" class=\"wp-block-spacer\"><\/div>\n\n\n\n<h2 class=\"wp-block-heading has-text-align-center\">Meine neuesten Beitr\u00e4ge<\/h2>\n\n\n\n<p>dies Beitr\u00e4ge sind ungeordnet was mir so einf\u00e4llt <\/p>\n\n\n\n<p class=\"has-text-align-center\">\u2022 \u2022 \u2022<\/p>\n\n\n<ul class=\"wp-block-latest-posts__list has-dates wp-block-latest-posts\"><li><a class=\"wp-block-latest-posts__post-title\" href=\"https:\/\/nilsgruetzner.de\/?p=1277\">Und dann?<\/a><time datetime=\"2026-02-17T16:52:58+00:00\" class=\"wp-block-latest-posts__post-date\">Februar 17, 2026<\/time><div class=\"wp-block-latest-posts__post-excerpt\">Manchmal erscheint der Abendhimmel so dramatisch so imposant als g\u00e4be es kein morgen, und dann geht doch jeden Morgen die Sonne auf. &#8211; Ein endloses Wunder<\/div><\/li>\n<li><a class=\"wp-block-latest-posts__post-title\" href=\"https:\/\/nilsgruetzner.de\/?p=680\">Gedanken zum Fussball<\/a><time datetime=\"2025-08-06T06:13:18+00:00\" class=\"wp-block-latest-posts__post-date\">August 6, 2025<\/time><div class=\"wp-block-latest-posts__post-excerpt\">Ich sehe diesen Ball. Wer hat ihn getreten? Was hat er erlebt? Wer hat ihn besessen? Wer hat ihn vergessen? Was ist ihm geschehen? Wer hat ihn gen\u00e4ht? Viele Fragen. &hellip; <a href=\"https:\/\/nilsgruetzner.de\/?p=680\" class=\"more-link\"><span class=\"screen-reader-text\">\u201eGedanken zum Fussball\u201c <\/span>weiterlesen<\/a><\/div><\/li>\n<\/ul>\n\n\n<p class=\"has-text-align-center\">\u2022 \u2022 \u2022<\/p>\n\n\n\n<p><\/p>\n","protected":false},"excerpt":{"rendered":"<p>Meine neuesten Beitr\u00e4ge dies Beitr\u00e4ge sind ungeordnet was mir so einf\u00e4llt \u2022 \u2022 \u2022 \u2022 \u2022 \u2022<\/p>\n","protected":false},"author":1,"featured_media":0,"parent":0,"menu_order":0,"comment_status":"open","ping_status":"closed","template":"","meta":{"footnotes":""},"class_list":["post-401","page","type-page","status-publish","hentry"],"jetpack-related-posts":[],"jetpack_likes_enabled":true,"jetpack_sharing_enabled":true,"_links":{"self":[{"href":"https:\/\/nilsgruetzner.de\/index.php?rest_route=\/wp\/v2\/pages\/401","targetHints":{"allow":["GET"]}}],"collection":[{"href":"https:\/\/nilsgruetzner.de\/index.php?rest_route=\/wp\/v2\/pages"}],"about":[{"href":"https:\/\/nilsgruetzner.de\/index.php?rest_route=\/wp\/v2\/types\/page"}],"author":[{"embeddable":true,"href":"https:\/\/nilsgruetzner.de\/index.php?rest_route=\/wp\/v2\/users\/1"}],"replies":[{"embeddable":true,"href":"https:\/\/nilsgruetzner.de\/index.php?rest_route=%2Fwp%2Fv2%2Fcomments&post=401"}],"version-history":[{"count":5,"href":"https:\/\/nilsgruetzner.de\/index.php?rest_route=\/wp\/v2\/pages\/401\/revisions"}],"predecessor-version":[{"id":985,"href":"https:\/\/nilsgruetzner.de\/index.php?rest_route=\/wp\/v2\/pages\/401\/revisions\/985"}],"wp:attachment":[{"href":"https:\/\/nilsgruetzner.de\/index.php?rest_route=%2Fwp%2Fv2%2Fmedia&parent=401"}],"curies":[{"name":"wp","href":"https:\/\/api.w.org\/{rel}","templated":true}]}}