{"id":566,"date":"2023-03-01T08:22:33","date_gmt":"2023-03-01T08:22:33","guid":{"rendered":"http:\/\/nilsgruetzner.de\/?page_id=566"},"modified":"2023-03-01T08:44:55","modified_gmt":"2023-03-01T08:44:55","slug":"wat-1","status":"publish","type":"page","link":"https:\/\/nilsgruetzner.de\/?page_id=566","title":{"rendered":"#WAT 1"},"content":{"rendered":"\n<h5 class=\"wp-block-heading\">2023 ein Schulbuch f\u00fcr Wirtschaft-Arbeit- Technik f\u00fcr Berlin\/Brandenburg und die Welt?<\/h5>\n\n\n\n<figure class=\"wp-block-image size-large\"><img data-recalc-dims=\"1\" loading=\"lazy\" decoding=\"async\" width=\"829\" height=\"1024\" src=\"https:\/\/i0.wp.com\/nilsgruetzner.de\/wp-content\/uploads\/2023\/03\/20230214_122735.jpg?resize=829%2C1024\" alt=\"\" class=\"wp-image-571\" srcset=\"https:\/\/i0.wp.com\/nilsgruetzner.de\/wp-content\/uploads\/2023\/03\/20230214_122735-scaled.jpg?resize=829%2C1024&amp;ssl=1 829w, https:\/\/i0.wp.com\/nilsgruetzner.de\/wp-content\/uploads\/2023\/03\/20230214_122735-scaled.jpg?resize=243%2C300&amp;ssl=1 243w, https:\/\/i0.wp.com\/nilsgruetzner.de\/wp-content\/uploads\/2023\/03\/20230214_122735-scaled.jpg?resize=768%2C949&amp;ssl=1 768w, https:\/\/i0.wp.com\/nilsgruetzner.de\/wp-content\/uploads\/2023\/03\/20230214_122735-scaled.jpg?resize=1243%2C1536&amp;ssl=1 1243w, https:\/\/i0.wp.com\/nilsgruetzner.de\/wp-content\/uploads\/2023\/03\/20230214_122735-scaled.jpg?resize=1657%2C2048&amp;ssl=1 1657w, https:\/\/i0.wp.com\/nilsgruetzner.de\/wp-content\/uploads\/2023\/03\/20230214_122735-scaled.jpg?resize=1200%2C1483&amp;ssl=1 1200w\" sizes=\"auto, (max-width: 829px) 85vw, 829px\" \/><\/figure>\n\n\n\n<p>Das im Jahr 2023 noch Schulb\u00fccher verlegt werden ist bereits sehr erstaunlich. Nach Corona sollte man meinen alles sei digital und virtuell. Die Lehrerenden sch\u00f6pfen aus dem \u00dcberangebot von OER Materialien und das Wissen der Vielen l\u00e4sst die Cloudspeicher der Lehrenden und Lernenden bersten. <br>Um es abzuk\u00fcrzen dieses Buch ist von vorne bis hinten digital, jede Seite ist mit digitalen Inhalten verlinkt, Inhalte unterliegen einem Aktualit\u00e4tendienst wie der Buchner Verlag bereits auf der Titelseite darstellt. \u00dcber die Vielzahl an QR Codes sind interaktive Aufgaben und Erkl\u00e4rvideos hinterlegt sodass sich Papier und Digitales sich auf wunderbare Weise erg\u00e4nzt.  Und selbstverst\u00e4ndlich gibt es das Schulbuch auch in digitaler Form.  <\/p>\n\n\n\n<p>Gleichzeitig bietet es die zentralen Inhalte haptisch erfahrbar in einer Hand. In einem Werk verbindet sich Ern\u00e4hrung&amp; Gesundheit \/ Verbraucherwissen \/ Wirtschaftliche- und Technische Themen sowie Inhalte der Beruflichen Orientierung damit ist es zum Beispiel auch hervorragend f\u00fcr den Einsatz in den Saarl\u00e4ndischen F\u00e4chern Arbeitslehre \/ Beruf&amp;Wirtschaft geeignet. <br>Die textliche Struktur der Texte sind gut lesbar anschaulich und kurz gehalten sodass sie mir f\u00fcr den Unterricht sehr gut geeignet erscheinen. <br>Die Methodenseiten erl\u00e4utern fachspezifische Methoden, ohne dabei als Lehrbuch f\u00fcr Lehrkr\u00e4fte aufzutreten. Die Praxisseiten aber auch die Gestaltung der Seiten mit ihren interaktiven Aufgaben machen von Anfang an klar, dass es sich hier um ein Buch handelt welches nicht das praktische Tun ersetzt, aber dieses aber durchaus erg\u00e4nzt. <\/p>\n\n\n\n<p>Auch die wirtschaftlichen Themen die in vielen bisherigen Unterrichtswerken oft f\u00fcr sch\u00fcler eher unnahbar auftreten finden hier ein lebendige und trotzdem inhaltlich anspruchsvolle Antwort.   <\/p>\n\n\n\n<p>Ein gelungenes Unterrichtswerk welches ich mir durchaus gut im Einsatz auch ausserhalb der beiden Bundesl\u00e4nder vorstellen kann. Den Autoren kann ich nur zu diesem Unterrichtswerk gratulieren und die Berliner und Brandenburger Kollegen beneiden. <br><\/p>\n\n\n\n<p> <\/p>\n","protected":false},"excerpt":{"rendered":"<p>2023 ein Schulbuch f\u00fcr Wirtschaft-Arbeit- Technik f\u00fcr Berlin\/Brandenburg und die Welt? Das im Jahr 2023 noch Schulb\u00fccher verlegt werden ist bereits sehr erstaunlich. Nach Corona sollte man meinen alles sei digital und virtuell. Die Lehrerenden sch\u00f6pfen aus dem \u00dcberangebot von OER Materialien und das Wissen der Vielen l\u00e4sst die Cloudspeicher der Lehrenden und Lernenden bersten. &hellip; <a href=\"https:\/\/nilsgruetzner.de\/?page_id=566\" class=\"more-link\"><span class=\"screen-reader-text\">\u201e#WAT 1\u201c <\/span>weiterlesen<\/a><\/p>\n","protected":false},"author":1,"featured_media":0,"parent":0,"menu_order":0,"comment_status":"closed","ping_status":"closed","template":"","meta":{"footnotes":""},"class_list":["post-566","page","type-page","status-publish","hentry"],"jetpack-related-posts":[],"jetpack_likes_enabled":true,"jetpack_sharing_enabled":true,"_links":{"self":[{"href":"https:\/\/nilsgruetzner.de\/index.php?rest_route=\/wp\/v2\/pages\/566","targetHints":{"allow":["GET"]}}],"collection":[{"href":"https:\/\/nilsgruetzner.de\/index.php?rest_route=\/wp\/v2\/pages"}],"about":[{"href":"https:\/\/nilsgruetzner.de\/index.php?rest_route=\/wp\/v2\/types\/page"}],"author":[{"embeddable":true,"href":"https:\/\/nilsgruetzner.de\/index.php?rest_route=\/wp\/v2\/users\/1"}],"replies":[{"embeddable":true,"href":"https:\/\/nilsgruetzner.de\/index.php?rest_route=%2Fwp%2Fv2%2Fcomments&post=566"}],"version-history":[{"count":3,"href":"https:\/\/nilsgruetzner.de\/index.php?rest_route=\/wp\/v2\/pages\/566\/revisions"}],"predecessor-version":[{"id":576,"href":"https:\/\/nilsgruetzner.de\/index.php?rest_route=\/wp\/v2\/pages\/566\/revisions\/576"}],"wp:attachment":[{"href":"https:\/\/nilsgruetzner.de\/index.php?rest_route=%2Fwp%2Fv2%2Fmedia&parent=566"}],"curies":[{"name":"wp","href":"https:\/\/api.w.org\/{rel}","templated":true}]}}